2 - 6*v - 2. Let i = 3080 - 3087. Calculate p(i).
-9
Let i(z) = -827*z - 823. Let u be i(-1). Let v(d) be the first derivative of -1/2*d**2 - 5/3*d**3 - 1/2*d**u - 13 + 4*d. Calculate v(-3).
16
Let g(b) be the first derivative of -b**7/840 + b**6/180 + b**4/12 + 206*b**3/3 + 155. Let y(s) be the third derivative of g(s). Determine y(3).
-7
Suppose 4*m + 20*j + 16 = 18*j, 3*m - 3*j + 30 = 0. Let s(o) = -o**2 - 4*o + 4. What is s(m)?
-8
Let b(g) = -72*g - 109. Let r be b(7). Let j = 608 + r. Let p(w) = w**2 + 5*w - 9. Give p(j).
-9
Let r(u) = -u**3 + 14*u**2 - 35*u + 10. Let z(c) = 462*c - 4147. Let p be z(9). Give r(p).
-12
Let b be 5/10*(-4)/(-2)*2. Let l be (-4 - 95/(-15))/(b/6). Let j(v) = 8*v**2 - 6 + 1 - l*v**2 + 4*v. Determine j(-6).
7
Let t(y) = y**2 + 10*y + 2. Let z(a) = 3*a + 13. Let i(c) = -3*c - 13. Let k(h) = -7*i(h) - 6*z(h). Let d be k(-11). Let w be 132/d + (-4)/10. Determine t(w).
-19
Let y be (-28)/35*(-70)/(-7). Let l(h) = -h**3 - 8*h**2 + 3*h + 26. Give l(y).
2
Let n(p) = 10*p - 41. Let x = -11444 + 11456. Give n(x).
79
Let v(g) = 45*g**2 - 2*g - 30. Let j(p) = -28*p**2 + p + 19. Let r(z) = -8*j(z) - 5*v(z). Calculate r(1).
-1
Let s(n) = 18*n - 80. Suppose 3*b + 12 = 0, -17 = -5*h - 197*b + 195*b. Determine s(h).
10
Suppose -4*g - 39 = 9. Let x(n) = 2*n + 27. Let i be x(g). Suppose 16 = i*w + 22. Let j(r) = r**3 + 4*r**2 + 3*r + 1. What is j(w)?
3
Let h(j) = j**3 + 7*j**2 - 171*j - 21. Let n be h(-17). Let d(k) = -2*k**3 - 3*k**2 + 8. Determine d(n).
88
Let j(u) = -2*u**2 + 2*u + 1. Suppose 103*x + 168 = 19*x - 336. Give j(x).
-83
Let c(y) = 99 + 17 + y**2 + 6*y - 28 + 15*y. Let p be c(-16). Let l(b) be the first derivative of -b**3/3 + 5*b**2 - 12*b - 3. What is l(p)?
4
Let t(i) = -8 + 18 - 4 + 10 + 2*i. Let u(o) = -o - 1. Let k(n) = t(n) + 3*u(n). What is k(10)?
3
Let g(j) = -672 - 661 + 4*j - 669 + 2016. Determine g(-9).
-22
Let v(a) = 5*a**3 + 9*a - 9. Let g(n) = -n**3 - 22*n**2 + 134*n + 7. Let r be g(5). Calculate v(r).
49
Let b(l) = 27*l**2 + l + 1. Let s(z) = 137*z**2 + 14. Let y(o) = -5*b(o) + s(o). Calculate y(4).
21
Let t(a) = -26*a + 13. Let y = 9733 - 9732. Calculate t(y).
-13
Let z(u) = 6*u - 14. Let l(i) = 5*i - 13. Suppose -5*t + 2*t = 3*w + 57, 2*w + 3*t = -42. Let q be (w - -10)*(-1 + 2). Let d(r) = q*l(r) + 4*z(r). What is d(0)?
9
Let f be 2 + (2 - 78/(-3)). Suppose 5*c + f = 2*t - 7, -5*c = t + 19. Let l(k) = 2*k - 2*k - 7 + 3*k. Calculate l(t).
11
Let n = -48 - -49. Let s(b) = -12*b - 2*b**2 + 9*b + n + 1. Suppose 2*p - 5*k - 23 = 4*p, -24 = 3*p + 4*k. Determine s(p).
-18
Let b be (6/(-7) - -1) + 366/(-14). Let g be b/(-10) - (-8)/20. Let k(o) = -o**3 + 3*o**2 + o - 3. What is k(g)?
0
Let k(u) = u + 3. Let t(i) = -4*i**2 + 4*i + 98. Let m(o) = -6*k(o) + t(o). Let l(v) be the first derivative of m(v). What is l(2)?
-18
Suppose 213 = -67*h - 390. Let l(o) = -2335*o**2 + 3 + 2334*o**2 - 9*o + 4. Determine l(h).
7
Let x(y) = -4*y**3 + y**2 - 1. Suppose 21*g - 20*g - 2 = 0. Let v be (1 - 2)/(g/(-34)). Suppose 0 = -21*b + v*b - 4. Determine x(b).
4
Let h(a) = -185*a**2 + 81*a + 109. Let t(s) = -41*s**2 + 20*s + 27. Let o(j) = -2*h(j) + 9*t(j). Give o(-16).
-7
Suppose -5*f = -4*m - 2, 0 = 2*f + 5 - 1. Let q(y) be the third derivative of 0*y - 1/24*y**4 + 63*y**2 + 1/3*y**3 + 0. Calculate q(m).
5
Let b = 4256 - 4259. Let m(z) = 3*z**3 + 11*z**2 - 7. Calculate m(b).
11
Let k(b) = 14*b**2 - 10*b + 8. Let h(l) = 20*l**2 - 15*l + 12. Suppose 3*j = -0*j + 15. Let r(f) = j*h(f) - 7*k(f). What is r(2)?
2
Let a be -2 + 3 - (12 + -16). Suppose -5*p = -o + 5*o - 66, a*o + 3*p = 76. Let h(y) = -y**2 + 13*y + 17. What is h(o)?
3
Suppose 5 = 4*v + 25. Let r(d) be the second derivative of 7/2*d**2 + d + 13 + 1/12*d**4 + 1/3*d**3. Determine r(v).
22
Let t(n) = 68 + 72 - 332 + 63 + n + 71 + 64. Let m = -20 - -12. What is t(m)?
-2
Let s(m) be the first derivative of -m**3/3 + 5*m**2 - 16*m + 1425. Calculate s(9).
-7
Let k = 27 + -25. Suppose k*g + 4*l - 18 = -2, 5*g = -l + 13. Suppose 4*s + 4*c - 5 = 3*s, 0 = 3*s + g*c - 15. Let b(u) = u**2 - 5*u + 3. Determine b(s).
3
Let p(u) = -u**2 + u. Let z(x) be the first derivative of x**3 + x**2/2 - 2*x + 279. Let f(t) = -2*p(t) - z(t). Suppose 20 = -0*m - 5*m. Give f(m).
-2
Let f(g) = -g - 105. Let c(j) = 2*j**3 + 366*j**2 + 2*j + 366. Let v be c(-183). What is f(v)?
-105
Let r = -39 + 42. Let c be ((-1)/(8/(-10)))/(r/24). Suppose -22 = -4*k + 3*z, k + c = 5*k + 3*z. Let b(w) = w - 3. Give b(k).
1
Let j(i) = 5*i**2 - 3*i - 6. Let p(l) = -11*l**2 + 6*l + 12. Let w(s) = -13*j(s) - 6*p(s). Let b = -34378 - -34374. Calculate w(b).
10
Suppose 0 = -3*p - 0. Suppose -2*h + 4 = -3*n - n, -5*h - 5*n + 55 = 0. Let j(o) = 14 - 4*o**2 - 20 + 3*o**2 + h*o + p*o**2. Give j(6).
6
Let u(v) = 138*v - 66. Let m(q) = 128*q - 66. Let r(s) = -13*m(s) + 12*u(s). Give r(4).
34
Let d = -8 + 4. Suppose u + 5*o = 29, o - 8 = -3. Let v(g) = -3*g + 6 - 7 + u*g + 8. Calculate v(d).
3
Let m(j) be the second derivative of j**5/20 + j**4/4 - j**3/2 - 2*j**2 - 19*j. Let o be m(-3). Let v(f) = 2*f + 4. Give v(o).
14
Let z(q) = -4 - 6*q + 32*q**2 - 9*q**2 - 14*q**2 - 10*q**2. Suppose -6*l - 5*j - 49 = -2*l, j + 17 = -2*l. Let k be z(l). Let i(c) = 2*c + 5. Calculate i(k).
-3
Let p(j) = -j**2 - 10*j - 16. Let y be p(-6). Suppose 4*a = -4, -5*x - y*a + 11 = -4*a. Let k(i) = -i**3 + 2*i**2 + 4*i - 1. Calculate k(x).
2
Let p be 166/(-8) + 80/(-64) + 1. Let d(v) = v + 30. Determine d(p).
9
Let n(q) = -9*q**2 + 2*q - 1. Suppose 7*x = 12 + 16. Suppose x*k + 16 = 8*k - 3*i, -4*i - 21 = -5*k. What is n(k)?
-8
Let p(g) = -27*g + 723 - 877 - 2*g**2 + g**2. What is p(-19)?
-2
Let t(j) = -2*j**3 + 2*j**2 - 25*j + 25. Let v(g) = -3*g**3 + g**2 - 30*g + 26. Let c(z) = 4*t(z) - 3*v(z). Determine c(-7).
-6
Let w(j) = 3*j**2 + 3*j + 13. Let l be w(-3). Suppose l = -5*k + 46. Let n(r) = 0*r + 2 - 3*r**3 + 5*r**2 + 2*r**3 - 5*r. What is n(k)?
5
Suppose -211 = -13*f + 1050. Suppose 10*t = -97 + f. Let x(h) = h**3 + 2*h + 1. Determine x(t).
1
Let z(h) = -h - 29. Let v(n) = -n**3 - 56*n**2 + 9*n + 499. Let y be v(-56). What is z(y)?
-24
Let y be (1 + (-2)/(-2))*-27. Let r be 3*(-141)/9 - 1. Let i = y - r. Let f(m) = m**2 + 7*m + 6. Calculate f(i).
0
Let l = 479 - 478. Let c(o) = -o**3 + 5*o - 4 - o**2 - l - o - 2*o. Determine c(-3).
7
Let d(v) = -20*v + 35. Suppose -c + 11 + 30 = 5*n, -3*c + 35 = 4*n. Give d(c).
15
Suppose 2 = 2*h + 3*q, 5*h + 48*q = 47*q + 31. Let g(w) = 7 + 3*w**2 + 0*w**2 - w**2 + 3*w - 3*w**2. What is g(h)?
-21
Let o(q) = -5893*q + 9*q**2 + 32 - 10*q**2 + 11789*q - 5884*q. Suppose 26 = 2*j - 2. Determine o(j).
4
Let k(c) be the second derivative of -1/6*c**3 - 2*c + 1/2*c**2 + 0. Let l = 170142 - 170150. Calculate k(l).
9
Let n(f) = -f**3 - f. Suppose 0 = 7*h - 504 + 483. Let b(a) = 2*a**3 + 2*a**2 + a + 4. Let g(r) = h*n(r) + b(r). What is g(3)?
-11
Let y = 28 - 27. Let z be 6 - 0*y/5. Let g(a) = -5*a + 6*a - z*a**2 - 4*a. What is g(-2)?
-18
Suppose 4*p = 3*m + 180, p = -3*m + m - 131. Let j = 62 + m. Let f(o) = -2*o - 1. Give f(j).
3
Let o = 32722 + -32715. Let c(x) = x**2 - 5*x + 12. Give c(o).
26
Let s(q) = -3*q - 51 - 3*q - 8 + 28 + 2*q. Give s(-8).
1
Let x(h) = 2*h - 164912*h**3 - 16*h - 54 - 16*h**2 + 164913*h**3 + 7. Give x(17).
4
Let v(s) be the first derivative of s**2/2 - 3*s - 7. Let n be (-11)/(-44) - 526/(-8). Suppose 5*k + 21 = 5*j + n, -4*k + j = -27. What is v(k)?
3
Let s be (6/(-8) - (-1989)/(-36)) + 0. Let p be s/(-35) - 6/(-15). Let k(i) = -1 + 5*i - 2*i - 4*i - p*i. Determine k(-6).
17
Let o be 45/15 + (11 - 3). Let z(i) = 4*i - 5 + 2*i**2 + o*i**2 - 21*i**2 + 9*i**2 - i. Let n(u) = u**2 - 7*u + 4. Let c be n(5). Calculate z(c).
13
Let h(j) = 2*j. Let t(r) = r**2 + 52*r + 4. Let s(x) = -23*h(x) + t(x). Let g = 6 - -3. Let p = 5 - g. Give s(p).
-4
Let z(t) = t**2 + 6*t - 11. Let u be z(-7). Let x(q) be the second derivative of -7*q + 0*q**2 - 1/6*q**3 + 0. Determine x(u).
4
Suppose -29*j = -31*j + 3*d + 15, -20 = 2*j + 4*d. Let q(i) = -3 + 8 + i**3 - 8*i - 4*i**2 + j*i - 2. Calculate q(5).
-12
Let q(a) be the third derivative of a**6/12 - a**5/30 + a**3/6 - 117*a**2 + 4*a - 5. Let i be (-2)/(-3)*12/8. Give q(i).
9
Let l(s) = 5*s**2 + 15169*s - 7553*s - 3*s**3 + 3*s**3 - 7620*s + 5 - s**3. Suppose 